{"id":114,"date":"2011-12-31T08:41:57","date_gmt":"2011-12-31T08:41:57","guid":{"rendered":"http:\/\/lvdca.lt\/new\/?page_id=114"},"modified":"2012-01-10T16:41:28","modified_gmt":"2012-01-10T16:41:28","slug":"tavo-teises","status":"publish","type":"page","link":"http:\/\/www.lvdca.lt\/?page_id=114","title":{"rendered":"Tavo teis\u00c4\u2014s"},"content":{"rendered":"<h1>Tavo teis\u00c4\u2014s<\/h1>\n<ul>\n<li>Tu turi teis\u00c4\u2122, kad tavo interesai b\u00c5\u00abt\u00c5\u00b3 ginami priimant visus su tavimi susijusius sprendimus ir be jokios diskriminacijos d\u00c4\u2014l, pavyzd\u00c5\u00beiui, tavo kilm\u00c4\u2014s, nuomon\u00c4\u2014s, pa\u00c5\u00bei\u00c5\u00abr\u00c5\u00b3 ar lyties.<\/li>\n<li>Tu turi teis\u00c4\u2122 \u00c4\u00c6 gyvyb\u00c4\u2122 bei subalansuot\u00c4\u2026, sveik\u00c4\u2026, fizin\u00c4\u00c6, psichin\u00c4\u00c6, dvasin\u00c4\u00c6, moralin\u00c4\u00c6 bei socialin\u00c4\u00c6 vystym\u00c4\u2026si.<\/li>\n<li>Tu turi teis\u00c4\u2122, kad b\u00c5\u00abt\u00c5\u00b3 patenkinti tavo pagrindiniai poreikiai, tokie, kaip maistas, drabu\u00c5\u00beiai, b\u00c5\u00abstas ir sveikata.<\/li>\n<li>Tu turi teis\u00c4\u2122 \u00c4\u00c6 apsaug\u00c4\u2026 nuo vis\u00c5\u00b3 form\u00c5\u00b3 i\u00c5?naudojimo, piknaud\u00c5\u00beiavimo, fizinio ir psichologinio smurto, \u00c4\u00c6skaitant ir elges\u00c4\u00c6 \u00c5?eimoje bei vaikus globojan\u00c4\u00a8iose \u00c4\u00c6staigose.<\/li>\n<li>Tu turi teis\u00c4\u2122 \u00c4\u00c6 auk\u00c5?to lygio i\u00c5?silavinim\u00c4\u2026, kuris u\u00c5\u00betikrina kiek \u00c4\u00c6manoma visapusi\u00c5?kesn\u00c4\u00c6 tavo asmenyb\u00c4\u2014s, talento bei geb\u00c4\u2014jim\u00c5\u00b3 vystym\u00c4\u2026si. Tu turi b\u00c5\u00abti mokomas gerbti kit\u00c5\u00b3 teises ir laisves ir b\u00c5\u00abti rengiamas atsakingam gyvenimui laisvoje visuomen\u00c4\u2014je, supratimo, taikos, tolerancijos, lygyb\u00c4\u2014s ir draugyst\u00c4\u2014s tarp kit\u00c5\u00b3 \u00c5\u00bemoni\u00c5\u00b3 dvasia.<\/li>\n<li>Tu turi teis\u00c4\u2122 \u00c4\u00c6 visapusi\u00c5?k\u00c4\u2026 ir objektyvi\u00c4\u2026 informacij\u00c4\u2026.<\/li>\n<li>Jei turi fizin\u00c4\u2122 ar psichin\u00c4\u2122 negali\u00c4\u2026, tu turi teis\u00c4\u2122 gyventi or\u00c5\u00b3 gyvenim\u00c4\u2026, kad gal\u00c4\u2014tum integruotis \u00c4\u00c6 visuomen\u00c4\u2122, vystyti savo asmenyb\u00c4\u2122 bei d\u00c5\u00beiaugtis kiek galima didesniu savaranki\u00c5?kumu.<\/li>\n<li>Tu turi teis\u00c4\u2122 ils\u00c4\u2014tis, leisti laisvalaik\u00c4\u00c6, \u00c5\u00beaisti ir pramogauti, dalyvauti menin\u00c4\u2014je ir kult\u00c5\u00abrin\u00c4\u2014je veikloje, aplinkoje, tinkan\u00c4\u00a8ioje tavo am\u00c5\u00beiui, ir kurioje yra gerbiamos tavo teis\u00c4\u2014s.<\/li>\n<\/ul>\n","protected":false},"excerpt":{"rendered":"<p>Tavo teis\u00c4\u2014s Tu turi teis\u00c4\u2122, kad tavo interesai b\u00c5\u00abt\u00c5\u00b3 ginami priimant visus su tavimi susijusius sprendimus ir be jokios diskriminacijos d\u00c4\u2014l, pavyzd\u00c5\u00beiui, tavo kilm\u00c4\u2014s, nuomon\u00c4\u2014s, pa\u00c5\u00bei\u00c5\u00abr\u00c5\u00b3 ar lyties. Tu turi teis\u00c4\u2122 \u00c4\u00c6 gyvyb\u00c4\u2122 bei subalansuot\u00c4\u2026, sveik\u00c4\u2026, fizin\u00c4\u00c6, psichin\u00c4\u00c6, dvasin\u00c4\u00c6, moralin\u00c4\u00c6 bei socialin\u00c4\u00c6 vystym\u00c4\u2026si. Tu turi teis\u00c4\u2122, kad b\u00c5\u00abt\u00c5\u00b3 patenkinti tavo pagrindiniai poreikiai, tokie, kaip maistas, [&hellip;]<\/p>\n","protected":false},"author":1,"featured_media":0,"parent":0,"menu_order":0,"comment_status":"open","ping_status":"open","template":"","meta":{"footnotes":""},"class_list":["post-114","page","type-page","status-publish","hentry"],"_links":{"self":[{"href":"http:\/\/www.lvdca.lt\/index.php?rest_route=\/wp\/v2\/pages\/114","targetHints":{"allow":["GET"]}}],"collection":[{"href":"http:\/\/www.lvdca.lt\/index.php?rest_route=\/wp\/v2\/pages"}],"about":[{"href":"http:\/\/www.lvdca.lt\/index.php?rest_route=\/wp\/v2\/types\/page"}],"author":[{"embeddable":true,"href":"http:\/\/www.lvdca.lt\/index.php?rest_route=\/wp\/v2\/users\/1"}],"replies":[{"embeddable":true,"href":"http:\/\/www.lvdca.lt\/index.php?rest_route=%2Fwp%2Fv2%2Fcomments&post=114"}],"version-history":[{"count":5,"href":"http:\/\/www.lvdca.lt\/index.php?rest_route=\/wp\/v2\/pages\/114\/revisions"}],"predecessor-version":[{"id":442,"href":"http:\/\/www.lvdca.lt\/index.php?rest_route=\/wp\/v2\/pages\/114\/revisions\/442"}],"wp:attachment":[{"href":"http:\/\/www.lvdca.lt\/index.php?rest_route=%2Fwp%2Fv2%2Fmedia&parent=114"}],"curies":[{"name":"wp","href":"https:\/\/api.w.org\/{rel}","templated":true}]}}