{"id":116,"date":"2011-12-31T08:42:09","date_gmt":"2011-12-31T08:42:09","guid":{"rendered":"http:\/\/lvdca.lt\/new\/?page_id=116"},"modified":"2012-01-10T16:42:42","modified_gmt":"2012-01-10T16:42:42","slug":"tavo-pereigos","status":"publish","type":"page","link":"http:\/\/www.lvdca.lt\/?page_id=116","title":{"rendered":"Tavo pareigos"},"content":{"rendered":"<h1>Tavo pareigos<\/h1>\n<ul>\n<li>Tu turi gerbti savo t\u00c4\u2014vus, kitus \u00c5?eimos narius, globoti juos senatv\u00c4\u2014je, ligos ar kitos negalios atvejais, pad\u00c4\u2014ti kitiems paramos reikalingiems \u00c5?eimos nariams.<\/li>\n<li>Tu turi gerbti pedagogus, kitus suaugusiuosius ir vaikus, nepa\u00c5\u00beeisti j\u00c5\u00b3 teisi\u00c5\u00b3 ir teis\u00c4\u2014t\u00c5\u00b3 interes\u00c5\u00b3.<\/li>\n<li>Tu turi laikytis priimt\u00c5\u00b3 elgesio norm\u00c5\u00b3 mokymo, aukl\u00c4\u2014jimo \u00c4\u00c6staigose, vie\u00c5?ose vietose, darbe, buityje.<\/li>\n<li>Tu turi gerbti ir tausoti kult\u00c5\u00abros ir istorijos vertybes, gamt\u00c4\u2026, visuomen\u00c4\u2014s ir priva\u00c4\u00a8i\u00c4\u2026 nuosavyb\u00c4\u2122.<\/li>\n<\/ul>\n","protected":false},"excerpt":{"rendered":"<p>Tavo pareigos Tu turi gerbti savo t\u00c4\u2014vus, kitus \u00c5?eimos narius, globoti juos senatv\u00c4\u2014je, ligos ar kitos negalios atvejais, pad\u00c4\u2014ti kitiems paramos reikalingiems \u00c5?eimos nariams. Tu turi gerbti pedagogus, kitus suaugusiuosius ir vaikus, nepa\u00c5\u00beeisti j\u00c5\u00b3 teisi\u00c5\u00b3 ir teis\u00c4\u2014t\u00c5\u00b3 interes\u00c5\u00b3. Tu turi laikytis priimt\u00c5\u00b3 elgesio norm\u00c5\u00b3 mokymo, aukl\u00c4\u2014jimo \u00c4\u00c6staigose, vie\u00c5?ose vietose, darbe, buityje. Tu turi gerbti ir [&hellip;]<\/p>\n","protected":false},"author":1,"featured_media":0,"parent":0,"menu_order":0,"comment_status":"open","ping_status":"open","template":"","meta":{"footnotes":""},"class_list":["post-116","page","type-page","status-publish","hentry"],"_links":{"self":[{"href":"http:\/\/www.lvdca.lt\/index.php?rest_route=\/wp\/v2\/pages\/116","targetHints":{"allow":["GET"]}}],"collection":[{"href":"http:\/\/www.lvdca.lt\/index.php?rest_route=\/wp\/v2\/pages"}],"about":[{"href":"http:\/\/www.lvdca.lt\/index.php?rest_route=\/wp\/v2\/types\/page"}],"author":[{"embeddable":true,"href":"http:\/\/www.lvdca.lt\/index.php?rest_route=\/wp\/v2\/users\/1"}],"replies":[{"embeddable":true,"href":"http:\/\/www.lvdca.lt\/index.php?rest_route=%2Fwp%2Fv2%2Fcomments&post=116"}],"version-history":[{"count":7,"href":"http:\/\/www.lvdca.lt\/index.php?rest_route=\/wp\/v2\/pages\/116\/revisions"}],"predecessor-version":[{"id":443,"href":"http:\/\/www.lvdca.lt\/index.php?rest_route=\/wp\/v2\/pages\/116\/revisions\/443"}],"wp:attachment":[{"href":"http:\/\/www.lvdca.lt\/index.php?rest_route=%2Fwp%2Fv2%2Fmedia&parent=116"}],"curies":[{"name":"wp","href":"https:\/\/api.w.org\/{rel}","templated":true}]}}