{"id":121,"date":"2011-12-31T08:42:47","date_gmt":"2011-12-31T08:42:47","guid":{"rendered":"http:\/\/lvdca.lt\/new\/?page_id=121"},"modified":"2012-01-10T16:45:05","modified_gmt":"2012-01-10T16:45:05","slug":"jei-nori-lankyti-vaiku-dienos-centra","status":"publish","type":"page","link":"http:\/\/www.lvdca.lt\/?page_id=121","title":{"rendered":"Jei nori lankyti vaik\u00c5\u00b3 dienos centr\u00c4\u2026"},"content":{"rendered":"<h1>Jei nori lankyti Vaik\u00c5\u00b3 dienos centr\u00c4\u2026<\/h1>\n<p>Jeigu tu nori lankyti Vaik\u00c5\u00b3 dienos centr\u00c4\u2026, tau reikia susirasti netoliese tavo gyvenamosios vietos esant\u00c4\u00c6 Vaik\u00c5\u00b3 dienos centr\u00c4\u2026 ir susisiekti su jo darbuotojais.<\/p>\n<blockquote><p>Pri\u00c4\u2014mimo tvark\u00c4\u2026 nustato kiekvienas Vaik\u00c5\u00b3 dienos centras atskirai.<\/p><\/blockquote>\n","protected":false},"excerpt":{"rendered":"<p>Jei nori lankyti Vaik\u00c5\u00b3 dienos centr\u00c4\u2026 Jeigu tu nori lankyti Vaik\u00c5\u00b3 dienos centr\u00c4\u2026, tau reikia susirasti netoliese tavo gyvenamosios vietos esant\u00c4\u00c6 Vaik\u00c5\u00b3 dienos centr\u00c4\u2026 ir susisiekti su jo darbuotojais. Pri\u00c4\u2014mimo tvark\u00c4\u2026 nustato kiekvienas Vaik\u00c5\u00b3 dienos centras atskirai.<\/p>\n","protected":false},"author":1,"featured_media":0,"parent":0,"menu_order":0,"comment_status":"open","ping_status":"open","template":"","meta":{"footnotes":""},"class_list":["post-121","page","type-page","status-publish","hentry"],"_links":{"self":[{"href":"http:\/\/www.lvdca.lt\/index.php?rest_route=\/wp\/v2\/pages\/121","targetHints":{"allow":["GET"]}}],"collection":[{"href":"http:\/\/www.lvdca.lt\/index.php?rest_route=\/wp\/v2\/pages"}],"about":[{"href":"http:\/\/www.lvdca.lt\/index.php?rest_route=\/wp\/v2\/types\/page"}],"author":[{"embeddable":true,"href":"http:\/\/www.lvdca.lt\/index.php?rest_route=\/wp\/v2\/users\/1"}],"replies":[{"embeddable":true,"href":"http:\/\/www.lvdca.lt\/index.php?rest_route=%2Fwp%2Fv2%2Fcomments&post=121"}],"version-history":[{"count":5,"href":"http:\/\/www.lvdca.lt\/index.php?rest_route=\/wp\/v2\/pages\/121\/revisions"}],"predecessor-version":[{"id":445,"href":"http:\/\/www.lvdca.lt\/index.php?rest_route=\/wp\/v2\/pages\/121\/revisions\/445"}],"wp:attachment":[{"href":"http:\/\/www.lvdca.lt\/index.php?rest_route=%2Fwp%2Fv2%2Fmedia&parent=121"}],"curies":[{"name":"wp","href":"https:\/\/api.w.org\/{rel}","templated":true}]}}