{"id":312,"date":"2012-01-09T20:16:14","date_gmt":"2012-01-09T20:16:14","guid":{"rendered":"http:\/\/lvdca.lt\/new\/?page_id=312"},"modified":"2012-01-16T11:01:14","modified_gmt":"2012-01-16T11:01:14","slug":"panevezio-apskritis","status":"publish","type":"page","link":"http:\/\/www.lvdca.lt\/?page_id=312","title":{"rendered":"Panev\u00c4\u2014\u00c5\u00beio apskritis"},"content":{"rendered":"<p>\u00c4\u00aemon\u00c4\u2014s pavadinimas <strong>Labdaros ir paramos fondas ,,Vilties \u00c5?viesa\u0101\u20ac?<\/strong><\/p>\n<ul>\n<li>\u00c4\u00aemon\u00c4\u2014s kodas 300116584<\/li>\n<li>Buvein\u00c4\u2014s adresas, miestas K\u00c4\u2122stu\u00c4\u00a8io g. 12, Bir\u00c5\u00beai LT 41176<\/li>\n<li>Telefon\u00c5\u00b3, fakso Nr. 8 699 30194, Faksas 8 450 36531<\/li>\n<li>Elektroninis pa\u00c5?tas vilties.sviesa@gmail.com<\/li>\n<\/ul>\n<p>\u00c4\u00aemon\u00c4\u2014s pavadinimas <strong>Vie\u00c5?oji \u00c4\u00c6staiga \u00c5?eimos ugdymo ir laisvalaikio centras \u0101\u20ac\u02dbA\u00c5\u00a0 JIS\u0101\u20ac?<\/strong><\/p>\n<ul>\n<li>\u00c4\u00aemon\u00c4\u2014s kodas 300612274<\/li>\n<li>Buvein\u00c4\u2014s adresas, miestas Vabalninkas, Bir\u00c5\u00be\u00c5\u00b3 rajonas<\/li>\n<li>Telefon\u00c5\u00b3, fakso Nr. 86 46 19239<\/li>\n<li>Elektroninis pa\u00c5?tas jkregzdaite@yahoo.com<\/li>\n<\/ul>\n<p>\u00c4\u00aemon\u00c4\u2014s pavadinimas <strong>Panev\u00c4\u2014\u00c5\u00beio vyskupijos Caritas<\/strong><\/p>\n<ul>\n<li>\u00c4\u00aemon\u00c4\u2014s kodas 192069978<\/li>\n<li>Buvein\u00c4\u2014s adresas, miestas Upyt\u00c4\u2014s g. 3, Panev\u00c4\u2014\u00c5\u00beys<\/li>\n<li>Telefon\u00c5\u00b3, fakso Nr. 845 437371<\/li>\n<li>Elektroninis pa\u00c5?tas caritas3@takas.lt<\/li>\n<\/ul>\n<p>\u00c4\u00aemon\u00c4\u2014s pavadinimas <strong>Lietuvos agent\u00c5\u00abros \u0101\u20ac\u02dbSOS vaikai\u0101\u20ac? Panev\u00c4\u2014\u00c5\u00beio skyrius<\/strong><\/p>\n<ul>\n<li>Buvein\u00c4\u2014s adresas, miestas Projektuotoj\u00c5\u00b3 g. 20a, Panev\u00c4\u2014\u00c5\u00beys<\/li>\n<li>Telefon\u00c5\u00b3, fakso Nr. tel (8-45) 576544, mob (8-685) 65540<\/li>\n<li>Elektroninis pa\u00c5?tas paramosnamai@gmail.com<\/li>\n<\/ul>\n","protected":false},"excerpt":{"rendered":"<p><!--test--><\/p>\n","protected":false},"author":1,"featured_media":0,"parent":0,"menu_order":0,"comment_status":"open","ping_status":"open","template":"","meta":{"footnotes":""},"class_list":["post-312","page","type-page","status-publish","hentry"],"_links":{"self":[{"href":"http:\/\/www.lvdca.lt\/index.php?rest_route=\/wp\/v2\/pages\/312","targetHints":{"allow":["GET"]}}],"collection":[{"href":"http:\/\/www.lvdca.lt\/index.php?rest_route=\/wp\/v2\/pages"}],"about":[{"href":"http:\/\/www.lvdca.lt\/index.php?rest_route=\/wp\/v2\/types\/page"}],"author":[{"embeddable":true,"href":"http:\/\/www.lvdca.lt\/index.php?rest_route=\/wp\/v2\/users\/1"}],"replies":[{"embeddable":true,"href":"http:\/\/www.lvdca.lt\/index.php?rest_route=%2Fwp%2Fv2%2Fcomments&post=312"}],"version-history":[{"count":6,"href":"http:\/\/www.lvdca.lt\/index.php?rest_route=\/wp\/v2\/pages\/312\/revisions"}],"predecessor-version":[{"id":489,"href":"http:\/\/www.lvdca.lt\/index.php?rest_route=\/wp\/v2\/pages\/312\/revisions\/489"}],"wp:attachment":[{"href":"http:\/\/www.lvdca.lt\/index.php?rest_route=%2Fwp%2Fv2%2Fmedia&parent=312"}],"curies":[{"name":"wp","href":"https:\/\/api.w.org\/{rel}","templated":true}]}}