{"id":557,"date":"2022-03-15T06:53:02","date_gmt":"2022-03-15T06:53:02","guid":{"rendered":"http:\/\/www.lvdca.lt\/?page_id=557"},"modified":"2023-06-08T17:44:02","modified_gmt":"2023-06-08T17:44:02","slug":"vykdyti-projektai","status":"publish","type":"page","link":"http:\/\/www.lvdca.lt\/?page_id=557","title":{"rendered":"Vykdyti projektai"},"content":{"rendered":"<p><a href=\"http:\/\/www.lvdca.lt\/wp-content\/uploads\/2022\/05\/Informacija-apie-projekta-NVO-2021.docx\">Informacija apie projekt\u00c4\u2026 NVO 2021<\/a><\/p>\n<p><a href=\"http:\/\/www.lvdca.lt\/wp-content\/uploads\/2022\/05\/Informacija-apie-projekta-NVO-2021-ESFA.docx\">Informacija apie projekt\u00c4\u2026 NVO 2021 ESFA<\/a><\/p>\n<p><a href=\"http:\/\/www.lvdca.lt\/wp-content\/uploads\/2022\/09\/Informacinis-straipnis.docx\" target=\"_blank\" rel=\"noopener\">Projektas \u00e2\u20ac\u017eAktyvus socialin\u00c4\u2122 atskirt\u00c4\u00af patirian\u00c4\u008di\u00c5\u00b3 asmen\u00c5\u00b3 \u00c4\u00aftraukimas \u00c4\u00af darbo rink\u00c4\u2026\u00e2\u20ac\u0153<\/a>\u00c2\u00a0<\/p>\n<p><a href=\"http:\/\/www.lvdca.lt\/wp-content\/uploads\/2022\/09\/Viesinimo-zenklai.docx\">Vie\u00c5\u00a1inimo \u00c5\u00beenklai<\/a><\/p>\n<p><a href=\"http:\/\/www.lvdca.lt\/wp-content\/uploads\/2023\/06\/Pabaigos-strapsnis-koreguotas.docx\" target=\"_blank\" rel=\"noopener\">Projektas \u00e2\u20ac\u017eAKTYVUS SOCIALIN\u00c4\u02dc ATSKIRT\u00c4\u00ae PATIRIAN\u00c4\u0152I\u00c5\u00b2 ASMEN\u00c5\u00b2 \u00c4\u00aeTRAUKIMAS \u00c4\u00ae DARBO RINK\u00c4\u201e\u00e2\u20ac\u0153<\/a><\/p>\n\n\n<p><\/p>\n","protected":false},"excerpt":{"rendered":"<p><!-- test --><\/p>\n","protected":false},"author":1,"featured_media":0,"parent":30,"menu_order":0,"comment_status":"open","ping_status":"closed","template":"","meta":{"footnotes":""},"class_list":["post-557","page","type-page","status-publish","hentry"],"_links":{"self":[{"href":"http:\/\/www.lvdca.lt\/index.php?rest_route=\/wp\/v2\/pages\/557","targetHints":{"allow":["GET"]}}],"collection":[{"href":"http:\/\/www.lvdca.lt\/index.php?rest_route=\/wp\/v2\/pages"}],"about":[{"href":"http:\/\/www.lvdca.lt\/index.php?rest_route=\/wp\/v2\/types\/page"}],"author":[{"embeddable":true,"href":"http:\/\/www.lvdca.lt\/index.php?rest_route=\/wp\/v2\/users\/1"}],"replies":[{"embeddable":true,"href":"http:\/\/www.lvdca.lt\/index.php?rest_route=%2Fwp%2Fv2%2Fcomments&post=557"}],"version-history":[{"count":7,"href":"http:\/\/www.lvdca.lt\/index.php?rest_route=\/wp\/v2\/pages\/557\/revisions"}],"predecessor-version":[{"id":636,"href":"http:\/\/www.lvdca.lt\/index.php?rest_route=\/wp\/v2\/pages\/557\/revisions\/636"}],"up":[{"embeddable":true,"href":"http:\/\/www.lvdca.lt\/index.php?rest_route=\/wp\/v2\/pages\/30"}],"wp:attachment":[{"href":"http:\/\/www.lvdca.lt\/index.php?rest_route=%2Fwp%2Fv2%2Fmedia&parent=557"}],"curies":[{"name":"wp","href":"https:\/\/api.w.org\/{rel}","templated":true}]}}